ainder when 20939 is divided by 8752?
3435
What is the remainder when 155488 is divided by 370?
88
Calculate the remainder when 22417607 is divided by 11208802.
3
What is the remainder when 1535625 is divided by 576?
9
Calculate the remainder when 4531430 is divided by 2265715.
0
Calculate the remainder when 1240996 is divided by 413623.
127
What is the remainder when 1548305 is divided by 387059?
69
Calculate the remainder when 489851 is divided by 617.
570
Calculate the remainder when 188557 is divided by 4484.
229
What is the remainder when 303529 is divided by 2299?
61
What is the remainder when 23427787 is divided by 23427782?
5
What is the remainder when 31547366 is divided by 282?
26
What is the remainder when 85588 is divided by 85509?
79
Calculate the remainder when 28972022 is divided by 2069423.
100
Calculate the remainder when 869289 is divided by 30.
9
Calculate the remainder when 48585592 is divided by 480.
472
What is the remainder when 842443 is divided by 1958?
503
What is the remainder when 1236649 is divided by 802?
767
Calculate the remainder when 107174 is divided by 1742.
912
Calculate the remainder when 350097 is divided by 350093.
4
What is the remainder when 4342629 is divided by 7166?
33
Calculate the remainder when 22665 is divided by 22618.
47
What is the remainder when 324077 is divided by 162016?
45
Calculate the remainder when 1588622 is divided by 87.
2
What is the remainder when 16163 is divided by 31?
12
Calculate the remainder when 1782376 is divided by 166.
34
Calculate the remainder when 612164 is divided by 735.
644
What is the remainder when 14661036 is divided by 1876?
96
What is the remainder when 153613 is divided by 1313?
1305
What is the remainder when 1618903 is divided by 1618899?
4
Calculate the remainder when 4507587 is divided by 582.
579
Calculate the remainder when 2117161 is divided by 68295.
16
Calculate the remainder when 20391492 is divided by 10195725.
42
What is the remainder when 2790141 is divided by 465012?
69
What is the remainder when 396168 is divided by 116?
28
What is the remainder when 764362 is divided by 232?
154
Calculate the remainder when 365446 is divided by 507.
406
What is the remainder when 30711 is divided by 2331?
408
What is the remainder when 1508032 is divided by 3906?
316
Calculate the remainder when 1695471 is divided by 597.
588
Calculate the remainder when 57401 is divided by 78.
71
Calculate the remainder when 11964588 is divided by 1700.
1688
What is the remainder when 2320 is divided by 553?
108
Calculate the remainder when 19294085 is divided by 16065.
20
Calculate the remainder when 410936 is divided by 12034.
1780
What is the remainder when 138981055 is divided by 422?
419
Calculate the remainder when 22617731 is divided by 2103.
2069
What is the remainder when 170708 is divided by 41509?
4672
Calculate the remainder when 30222124 is divided by 498.
496
What is the remainder when 46608 is divided by 764?
4
What is the remainder when 245801 is divided by 3652?
1117
Calculate the remainder when 108784 is divided by 7770.
4
Calculate the remainder when 9537417 is divided by 205.
202
Calculate the remainder when 544245744 is divided by 125.
119
What is the remainder when 2349171 is divided by 326?
15
Calculate the remainder when 207254 is divided by 69025.
179
Calculate the remainder when 713065 is divided by 173.
132
What is the remainder when 153691 is divided by 8076?
247
Calculate the remainder when 7680710 is divided by 2560236.
2
What is the remainder when 1866637 is divided by 266619?
304
Calculate the remainder when 1965989 is divided by 1249.
63
Calculate the remainder when 34562 is divided by 735.
17
Calculate the remainder when 919991 is divided by 165.
116
Calculate the remainder when 1611696 is divided by 805840.
16
What is the remainder when 23040146 is divided by 15?
11
Calculate the remainder when 22489081 is divided by 556.
549
What is the remainder when 434710820 is divided by 3913?
3911
Calculate the remainder when 41117 is divided by 20558.
1
Calculate the remainder when 1253976 is divided by 84.
24
Calculate the remainder when 648319 is divided by 1376.
223
What is the remainder when 629614 is divided by 669?
85
Calculate the remainder when 5857604 is divided by 214.
210
What is the remainder when 10816759 is divided by 3317?
22
What is the remainder when 1189097 is divided by 70?
7
What is the remainder when 149004 is divided by 1366?
110
What is the remainder when 63918 is divided by 269?
165
What is the remainder when 3173296 is divided by 793323?
4
Calculate the remainder when 81113 is divided by 61.
44
Calculate the remainder when 3246547 is divided by 3246533.
14
What is the remainder when 1298971 is divided by 8836?
79
What is the remainder when 31627 is divided by 31604?
23
Calculate the remainder when 867715 is divided by 51042.
1
What is the remainder when 2222194 is divided by 740727?
13
What is the remainder when 27739 is divided by 3216?
2011
Calculate the remainder when 875257 is divided by 291734.
55
What is the remainder when 618498 is divided by 59?
1
Calculate the remainder when 9445 is divided by 2566.
1747
What is the remainder when 82948 is divided by 294?
40
Calculate the remainder when 95798796 is divided by 5322155.
6
What is the remainder when 461617 is divided by 83?
54
Calculate the remainder when 61276179 is divided by 10446.
10389
What is the remainder when 109121 is divided by 14194?
9763
What is the remainder when 457809 is divided by 120?
9
What is the remainder when 4438128 is divided by 210?
198
Calculate the remainder when 621567643 is divided by 78.
73
What is the remainder when 1343890 is divided by 149304?
154
Calculate the remainder when 79578584 is divided by 91.
85
Calculate the remainder when 12046833 is divided by 375.
333
Calculate the remainder when 2326723 is divided by 31872.
67
Calculate the remainder when 15623252 is divided by 56.
36
Calculate the remainder when 47005048 is divided by 3618.
3610
What is the remainder when 124982 is divided by 99?
44
Calculate the remainder when 1420137 is divided by 142012.
17
Calculate the remainder when 2442296 is divided by 1398.
1388
Calculate the remainder when 1272 is divided by 447.
378
Calculate the remainder when 163303687 is divided by 52.
27
What is the remainder when 2507473 is divided by 842?
839
Calculate the remainder when 2019806 is divided by 2606.
156
What is the remainder when 18593 is divided by 2103?
1769
Calculate the remainder when 5781264 is divided by 7587.
7557
What is the remainder when 1480841 is divided by 2670?
1661
Calculate the remainder when 84038282 is divided by 2332.
2330
What is the remainder when 8521580 is divided by 112125?
80
Calculate the remainder when 46911 is divided by 15513.
372
What is the remainder when 2648609 is divided by 5672?
5457
What is the remainder when 153206 is divided by 2069?
100
What is the remainder when 63659 is divided by 244?
219
What is the remainder when 6502 is divided by 1273?
137
Calculate the remainder when 28382318 is divided by 303.
5
What is the remainder when 49508250 is divided by 471507?
15
What is the remainder when 685678 is divided by 56?
14
What is the remainder when 11220 is divided by 2012?
1160
Calculate the remainder when 524681 is divided by 15899.
14
What is the remainder when 15049 is divided by 4808?
625
What is the remainder when 142990858 is divided by 10831?
10827
What is the remainder when 51422320 is divided by 15?
10
Calculate the remainder when 639179 is divided by 91027.
1990
What is the remainder when 24171 is divided by 5968?
299
Calculate the remainder when 1287483 is divided by 183923.
22
What is the remainder when 2168929 is divided by 1025?
29
What is the remainder when 18153 is divided by 3426?
1023
Calculate the remainder when 290089 is divided by 64.
41
Calculate the remainder when 509359 is divided by 1301.
668
Calculate the remainder when 2613341 is divided by 676.
601
What is the remainder when 1529089 is divided by 213?
175
What is the remainder when 1691335 is divided by 736?
7
What is the remainder when 111414 is divided by 36755?
1149
What is the remainder when 402270601 is divided by 25141912?
9
What is the remainder when 13315537 is div